{"id":2740,"date":"2026-04-13T19:54:45","date_gmt":"2026-04-13T19:54:45","guid":{"rendered":"https:\/\/dev.armandinolopesadvogados.pt\/dev\/?page_id=2740"},"modified":"2026-04-13T19:58:10","modified_gmt":"2026-04-13T19:58:10","slug":"jose-pedro","status":"publish","type":"page","link":"https:\/\/dev.armandinolopesadvogados.pt\/dev\/sobre-nos\/jose-pedro\/","title":{"rendered":"Jos\u00e9 Pedro"},"content":{"rendered":"\t\t<div data-elementor-type=\"wp-page\" data-elementor-id=\"2740\" class=\"elementor elementor-2740\">\n\t\t\t\t<div class=\"elementor-element elementor-element-8abe04e e-flex e-con-boxed e-con e-parent\" data-id=\"8abe04e\" data-element_type=\"container\" data-e-type=\"container\" data-settings=\"{&quot;background_background&quot;:&quot;classic&quot;}\">\n\t\t\t\t\t<div class=\"e-con-inner\">\n\t\t<div class=\"elementor-element elementor-element-067c4b4 e-con-full e-flex e-con e-child\" data-id=\"067c4b4\" data-element_type=\"container\" data-e-type=\"container\">\n\t\t<div class=\"elementor-element elementor-element-f734568 e-con-full e-flex e-con e-child\" data-id=\"f734568\" data-element_type=\"container\" data-e-type=\"container\">\n\t\t\t\t<div class=\"elementor-element elementor-element-368df6e elementor-widget elementor-widget-heading\" data-id=\"368df6e\" data-element_type=\"widget\" data-e-type=\"widget\" data-widget_type=\"heading.default\">\n\t\t\t\t\t<h2 class=\"elementor-heading-title elementor-size-default\">A Nossa Equipa<\/h2>\t\t\t\t<\/div>\n\t\t\t\t<div class=\"elementor-element elementor-element-7b76504 elementor-widget elementor-widget-text-editor\" data-id=\"7b76504\" data-element_type=\"widget\" data-e-type=\"widget\" data-widget_type=\"text-editor.default\">\n\t\t\t\t\t\t\t\t\t<p>Conhe\u00e7a os profissionais que d\u00e3o rosto ao nosso compromisso com o rigor, a proximidade e a excel\u00eancia jur\u00eddica.<\/p>\t\t\t\t\t\t\t\t<\/div>\n\t\t\t\t<\/div>\n\t\t\t\t<\/div>\n\t\t\t\t\t<\/div>\n\t\t\t\t<\/div>\n\t\t<div class=\"elementor-element elementor-element-5252140 e-flex e-con-boxed e-con e-parent\" data-id=\"5252140\" data-element_type=\"container\" data-e-type=\"container\">\n\t\t\t\t\t<div class=\"e-con-inner\">\n\t\t<div class=\"elementor-element elementor-element-3fa10f2 e-con-full e-flex e-con e-child\" data-id=\"3fa10f2\" data-element_type=\"container\" data-e-type=\"container\">\n\t\t\t\t<div class=\"elementor-element elementor-element-7d44440 elementor-widget elementor-widget-image\" data-id=\"7d44440\" data-element_type=\"widget\" data-e-type=\"widget\" data-widget_type=\"image.default\">\n\t\t\t\t\t\t\t\t\t\t\t\t\t\t\t<img fetchpriority=\"high\" decoding=\"async\" width=\"683\" height=\"1024\" src=\"https:\/\/dev.armandinolopesadvogados.pt\/dev\/wp-content\/uploads\/2026\/04\/jose_pedro_contabilista-1-683x1024.png\" class=\"attachment-large size-large wp-image-2742\" alt=\"\" srcset=\"https:\/\/dev.armandinolopesadvogados.pt\/dev\/wp-content\/uploads\/2026\/04\/jose_pedro_contabilista-1-683x1024.png 683w, https:\/\/dev.armandinolopesadvogados.pt\/dev\/wp-content\/uploads\/2026\/04\/jose_pedro_contabilista-1-200x300.png 200w, https:\/\/dev.armandinolopesadvogados.pt\/dev\/wp-content\/uploads\/2026\/04\/jose_pedro_contabilista-1-768x1152.png 768w, https:\/\/dev.armandinolopesadvogados.pt\/dev\/wp-content\/uploads\/2026\/04\/jose_pedro_contabilista-1.png 1024w\" sizes=\"(max-width: 683px) 100vw, 683px\" \/>\t\t\t\t\t\t\t\t\t\t\t\t\t\t\t<\/div>\n\t\t\t\t<\/div>\n\t\t<div class=\"elementor-element elementor-element-ec3f1a0 e-con-full e-flex e-con e-child\" data-id=\"ec3f1a0\" data-element_type=\"container\" data-e-type=\"container\">\n\t\t\t\t<div class=\"elementor-element elementor-element-e56e3e7 elementor-widget elementor-widget-heading\" data-id=\"e56e3e7\" data-element_type=\"widget\" data-e-type=\"widget\" data-widget_type=\"heading.default\">\n\t\t\t\t\t<h2 class=\"elementor-heading-title elementor-size-default\">Contabilista<\/h2>\t\t\t\t<\/div>\n\t\t\t\t<div class=\"elementor-element elementor-element-f02be2e elementor-widget elementor-widget-heading\" data-id=\"f02be2e\" data-element_type=\"widget\" data-e-type=\"widget\" data-widget_type=\"heading.default\">\n\t\t\t\t\t<h2 class=\"elementor-heading-title elementor-size-default\">Jos\u00e9 Pedro<\/h2>\t\t\t\t<\/div>\n\t\t\t\t<div class=\"elementor-element elementor-element-0d31444 elementor-widget-divider--view-line elementor-widget elementor-widget-divider\" data-id=\"0d31444\" data-element_type=\"widget\" data-e-type=\"widget\" data-widget_type=\"divider.default\">\n\t\t\t\t\t\t\t<div class=\"elementor-divider\">\n\t\t\t<span class=\"elementor-divider-separator\">\n\t\t\t\t\t\t<\/span>\n\t\t<\/div>\n\t\t\t\t\t\t<\/div>\n\t\t\t\t<div class=\"elementor-element elementor-element-d01e978 elementor-widget elementor-widget-text-editor\" data-id=\"d01e978\" data-element_type=\"widget\" data-e-type=\"widget\" data-widget_type=\"text-editor.default\">\n\t\t\t\t\t\t\t\t\t<p>Jos\u00e9 Pedro integra a Armandino Lopes Advogados na \u00e1rea da Contabilidade. \u00c9 Contabilista Certificado, licenciado em Direito e consultor nas \u00e1reas contabil\u00edstica, fiscal e de preven\u00e7\u00e3o do branqueamento de capitais, contribuindo com uma vis\u00e3o t\u00e9cnica transversal e rigorosa no apoio prestado aos clientes do escrit\u00f3rio.<\/p>\t\t\t\t\t\t\t\t<\/div>\n\t\t\t\t<\/div>\n\t\t\t\t\t<\/div>\n\t\t\t\t<\/div>\n\t\t<div class=\"elementor-element elementor-element-3e2fc51 e-flex e-con-boxed e-con e-parent\" data-id=\"3e2fc51\" data-element_type=\"container\" data-e-type=\"container\" data-settings=\"{&quot;background_background&quot;:&quot;classic&quot;}\">\n\t\t\t\t\t<div class=\"e-con-inner\">\n\t\t\t\t<div class=\"elementor-element elementor-element-8d4463b elementor-widget elementor-widget-text-editor\" data-id=\"8d4463b\" data-element_type=\"widget\" data-e-type=\"widget\" data-widget_type=\"text-editor.default\">\n\t\t\t\t\t\t\t\t\t<p>Jos\u00e9 Pedro integra a Armandino Lopes Advogados na \u00e1rea da Contabilidade, colocando ao servi\u00e7o do escrit\u00f3rio uma prepara\u00e7\u00e3o t\u00e9cnica s\u00f3lida e uma abordagem multidisciplinar particularmente relevante em mat\u00e9rias de natureza contabil\u00edstica e fiscal. \u00c9 Contabilista Certificado, licenciado em Direito e consultor nas \u00e1reas contabil\u00edstica, fiscal e de preven\u00e7\u00e3o do branqueamento de capitais.<\/p><p>A sua forma\u00e7\u00e3o e experi\u00eancia permitem-lhe assegurar um acompanhamento rigoroso em quest\u00f5es que exigem articula\u00e7\u00e3o entre enquadramento jur\u00eddico, cumprimento contabil\u00edstico e exig\u00eancias fiscais, contribuindo para uma resposta mais completa, segura e tecnicamente sustentada \u00e0s necessidades dos clientes.<\/p><p>Na Armandino Lopes Advogados, o seu trabalho assume especial import\u00e2ncia no apoio a mat\u00e9rias que exigem precis\u00e3o, controlo e conformidade, refor\u00e7ando a capacidade do escrit\u00f3rio para prestar um acompanhamento integrado e consistente, tanto a particulares como a empresas.<\/p>\t\t\t\t\t\t\t\t<\/div>\n\t\t\t\t\t<\/div>\n\t\t\t\t<\/div>\n\t\t<div class=\"elementor-element elementor-element-f37eb4f e-flex e-con-boxed e-con e-parent\" data-id=\"f37eb4f\" data-element_type=\"container\" data-e-type=\"container\">\n\t\t\t\t\t<div class=\"e-con-inner\">\n\t\t<div class=\"elementor-element elementor-element-588dde2 e-con-full e-flex e-con e-child\" data-id=\"588dde2\" data-element_type=\"container\" data-e-type=\"container\" data-settings=\"{&quot;background_background&quot;:&quot;classic&quot;}\">\n\t\t\t\t<div class=\"elementor-element elementor-element-eebcbf0 elementor-widget__width-initial elementor-view-default elementor-widget elementor-widget-icon\" data-id=\"eebcbf0\" data-element_type=\"widget\" data-e-type=\"widget\" data-widget_type=\"icon.default\">\n\t\t\t\t\t\t\t<div class=\"elementor-icon-wrapper\">\n\t\t\t<div class=\"elementor-icon\">\n\t\t\t<svg xmlns=\"http:\/\/www.w3.org\/2000\/svg\" viewBox=\"0 0 24 24\"><path d=\"M12 0C5.383 0 0 5.383 0 12c0 1.56.295 3.079.878 4.514.066.161.106.252.131.37-.003.064-.019.138-.042.28L.239 21.53c-.096.58-.16.962.02 1.385.16.371.452.664.827.825.422.18.804.116 1.384.02l4.378-.73c.13-.02.21-.045.316-.034.07.02.16.06.323.125C8.92 23.705 10.439 24 12 24c6.617 0 12-5.383 12-12S18.617 0 12 0Zm0 22.086a10.02 10.02 0 0 1-3.797-.74c-.283-.114-.438-.176-.609-.215a2.013 2.013 0 0 0-.482-.054c-.137 0-.286.018-.591.068l-4.366.728-.033.005.005-.033.73-4.38a3.56 3.56 0 0 0 .066-.577c0-.169-.016-.311-.053-.478-.04-.176-.103-.332-.219-.617A10.03 10.03 0 0 1 1.914 12C1.914 6.438 6.439 1.914 12 1.914c5.562 0 10.086 4.524 10.086 10.086S17.562 22.086 12 22.086ZM6.135 8.933c0-.529.429-.957.957-.957H12a.957.957 0 0 1 0 1.913H7.092a.957.957 0 0 1-.957-.957Zm10.503 4.294a.957.957 0 0 1-.957.957H7.092a.957.957 0 0 1 0-1.914h8.589c.528 0 .957.428.957.957Z\"><\/path><\/svg>\t\t\t<\/div>\n\t\t<\/div>\n\t\t\t\t\t\t<\/div>\n\t\t<div class=\"elementor-element elementor-element-2437e41 e-con-full e-flex e-con e-child\" data-id=\"2437e41\" data-element_type=\"container\" data-e-type=\"container\">\n\t\t\t\t<div class=\"elementor-element elementor-element-c2eef0d elementor-widget__width-initial elementor-widget elementor-widget-text-editor\" data-id=\"c2eef0d\" data-element_type=\"widget\" data-e-type=\"widget\" data-widget_type=\"text-editor.default\">\n\t\t\t\t\t\t\t\t\t<p>Apoio Jur\u00eddico Presencial ou Online<\/p>\t\t\t\t\t\t\t\t<\/div>\n\t\t\t\t<div class=\"elementor-element elementor-element-527b1d9 elementor-widget__width-initial elementor-widget elementor-widget-heading\" data-id=\"527b1d9\" data-element_type=\"widget\" data-e-type=\"widget\" data-widget_type=\"heading.default\">\n\t\t\t\t\t<h3 class=\"elementor-heading-title elementor-size-default\">Rigor, experi\u00eancia e confidencialidade<\/h3>\t\t\t\t<\/div>\n\t\t\t\t<div class=\"elementor-element elementor-element-d78b806 elementor-widget__width-initial elementor-widget elementor-widget-text-editor\" data-id=\"d78b806\" data-element_type=\"widget\" data-e-type=\"widget\" data-widget_type=\"text-editor.default\">\n\t\t\t\t\t\t\t\t\t<p>Agende uma consulta com o nosso escrit\u00f3rio e receba orienta\u00e7\u00e3o clara, profissional e ajustada ao seu caso.<\/p>\t\t\t\t\t\t\t\t<\/div>\n\t\t\t\t<div class=\"elementor-element elementor-element-708f2d5 ct-button-icon elementor-widget elementor-widget-button\" data-id=\"708f2d5\" data-element_type=\"widget\" data-e-type=\"widget\" data-widget_type=\"button.default\">\n\t\t\t\t\t\t\t\t\t\t<a class=\"elementor-button elementor-button-link elementor-size-sm\" href=\"https:\/\/dev.armandinolopesadvogados.pt\/dev\/agendar-consulta-juridica\/\">\n\t\t\t\t\t\t<span class=\"elementor-button-content-wrapper\">\n\t\t\t\t\t\t<span class=\"elementor-button-icon\">\n\t\t\t\t<svg xmlns=\"http:\/\/www.w3.org\/2000\/svg\" viewBox=\"0 0 40 40\"><path d=\"M20 0C8.954 0 0 8.954 0 20s8.954 20 20 20 20-8.954 20-20S31.046 0 20 0Zm8.65 19.999V20.017a.65.65 0 0 1-.055.246c-.002.002-.001.002-.001.003h-.001v.002a.662.662 0 0 1-.128.187l-.002.001-6.857 7a.646.646 0 0 1-.919.008.65.65 0 0 1-.009-.92l5.775-5.894H12a.65.65 0 0 1 0-1.3h14.453l-5.775-5.895a.65.65 0 0 1 .928-.91l6.857 6.999.002.001c.055.056.097.12.128.187v.002l.002.002.007.016a.65.65 0 0 1 .047.231l.001.014v.002Z\"><\/path><\/svg>\t\t\t<\/span>\n\t\t\t\t\t\t\t\t\t<span class=\"elementor-button-text\">Agendar Consulta<\/span>\n\t\t\t\t\t<\/span>\n\t\t\t\t\t<\/a>\n\t\t\t\t\t\t\t\t<\/div>\n\t\t\t\t<\/div>\n\t\t\t\t<div class=\"elementor-element elementor-element-af150c1 elementor-hidden-tablet elementor-hidden-mobile elementor-widget elementor-widget-image\" data-id=\"af150c1\" data-element_type=\"widget\" data-e-type=\"widget\" data-widget_type=\"image.default\">\n\t\t\t\t\t\t\t\t\t\t\t\t\t\t\t<img decoding=\"async\" src=\"https:\/\/dev.armandinolopesadvogados.pt\/dev\/wp-content\/uploads\/elementor\/thumbs\/160066-3-rkp6ayc9yk3uz9x50xh52n3cygrcruf83awx01t600.jpg\" title=\"160066 (3)\" alt=\"160066 (3)\" loading=\"lazy\" \/>\t\t\t\t\t\t\t\t\t\t\t\t\t\t\t<\/div>\n\t\t\t\t<\/div>\n\t\t\t\t\t<\/div>\n\t\t\t\t<\/div>\n\t\t\t\t<\/div>\n\t\t","protected":false},"excerpt":{"rendered":"<p>A Nossa Equipa Conhe\u00e7a os profissionais que d\u00e3o rosto ao nosso compromisso com o rigor, a proximidade e a excel\u00eancia jur\u00eddica. Contabilista Jos\u00e9 Pedro Jos\u00e9 Pedro integra a Armandino Lopes Advogados na \u00e1rea da Contabilidade. \u00c9 Contabilista Certificado, licenciado em Direito e consultor nas \u00e1reas contabil\u00edstica, fiscal e de preven\u00e7\u00e3o do branqueamento de capitais, contribuindo [&hellip;]<\/p>\n","protected":false},"author":1,"featured_media":0,"parent":1259,"menu_order":0,"comment_status":"closed","ping_status":"closed","template":"","meta":{"_acf_changed":false,"_joinchat":[],"footnotes":""},"class_list":["post-2740","page","type-page","status-publish","hentry"],"blocksy_meta":{"has_hero_section":"disabled","vertical_spacing_source":"custom","content_area_spacing":"none","styles_descriptor":{"styles":{"desktop":"","tablet":"","mobile":""},"google_fonts":[],"version":6}},"acf":[],"yoast_head":"<!-- This site is optimized with the Yoast SEO plugin v27.2 - https:\/\/yoast.com\/product\/yoast-seo-wordpress\/ -->\n<title>Jos\u00e9 Pedro - Armandino Lopes Advogados<\/title>\n<meta name=\"robots\" content=\"index, follow, max-snippet:-1, max-image-preview:large, max-video-preview:-1\" \/>\n<link rel=\"canonical\" href=\"https:\/\/dev.armandinolopesadvogados.pt\/dev\/sobre-nos\/jose-pedro\/\" \/>\n<meta property=\"og:locale\" content=\"pt_PT\" \/>\n<meta property=\"og:type\" content=\"article\" \/>\n<meta property=\"og:title\" content=\"Jos\u00e9 Pedro - Armandino Lopes Advogados\" \/>\n<meta property=\"og:description\" content=\"A Nossa Equipa Conhe\u00e7a os profissionais que d\u00e3o rosto ao nosso compromisso com o rigor, a proximidade e a excel\u00eancia jur\u00eddica. Contabilista Jos\u00e9 Pedro Jos\u00e9 Pedro integra a Armandino Lopes Advogados na \u00e1rea da Contabilidade. \u00c9 Contabilista Certificado, licenciado em Direito e consultor nas \u00e1reas contabil\u00edstica, fiscal e de preven\u00e7\u00e3o do branqueamento de capitais, contribuindo [&hellip;]\" \/>\n<meta property=\"og:url\" content=\"https:\/\/dev.armandinolopesadvogados.pt\/dev\/sobre-nos\/jose-pedro\/\" \/>\n<meta property=\"og:site_name\" content=\"Armandino Lopes Advogados\" \/>\n<meta property=\"article:modified_time\" content=\"2026-04-13T19:58:10+00:00\" \/>\n<meta property=\"og:image\" content=\"https:\/\/dev.armandinolopesadvogados.pt\/dev\/wp-content\/uploads\/2026\/04\/jose_pedro_contabilista-1.png\" \/>\n\t<meta property=\"og:image:width\" content=\"1024\" \/>\n\t<meta property=\"og:image:height\" content=\"1536\" \/>\n\t<meta property=\"og:image:type\" content=\"image\/png\" \/>\n<meta name=\"twitter:card\" content=\"summary_large_image\" \/>\n<meta name=\"twitter:label1\" content=\"Tempo estimado de leitura\" \/>\n\t<meta name=\"twitter:data1\" content=\"2 minutos\" \/>\n<!-- \/ Yoast SEO plugin. -->","yoast_head_json":{"title":"Jos\u00e9 Pedro - Armandino Lopes Advogados","robots":{"index":"index","follow":"follow","max-snippet":"max-snippet:-1","max-image-preview":"max-image-preview:large","max-video-preview":"max-video-preview:-1"},"canonical":"https:\/\/dev.armandinolopesadvogados.pt\/dev\/sobre-nos\/jose-pedro\/","og_locale":"pt_PT","og_type":"article","og_title":"Jos\u00e9 Pedro - Armandino Lopes Advogados","og_description":"A Nossa Equipa Conhe\u00e7a os profissionais que d\u00e3o rosto ao nosso compromisso com o rigor, a proximidade e a excel\u00eancia jur\u00eddica. Contabilista Jos\u00e9 Pedro Jos\u00e9 Pedro integra a Armandino Lopes Advogados na \u00e1rea da Contabilidade. \u00c9 Contabilista Certificado, licenciado em Direito e consultor nas \u00e1reas contabil\u00edstica, fiscal e de preven\u00e7\u00e3o do branqueamento de capitais, contribuindo [&hellip;]","og_url":"https:\/\/dev.armandinolopesadvogados.pt\/dev\/sobre-nos\/jose-pedro\/","og_site_name":"Armandino Lopes Advogados","article_modified_time":"2026-04-13T19:58:10+00:00","og_image":[{"width":1024,"height":1536,"url":"https:\/\/dev.armandinolopesadvogados.pt\/dev\/wp-content\/uploads\/2026\/04\/jose_pedro_contabilista-1.png","type":"image\/png"}],"twitter_card":"summary_large_image","twitter_misc":{"Tempo estimado de leitura":"2 minutos"},"schema":{"@context":"https:\/\/schema.org","@graph":[{"@type":"WebPage","@id":"https:\/\/dev.armandinolopesadvogados.pt\/dev\/sobre-nos\/jose-pedro\/","url":"https:\/\/dev.armandinolopesadvogados.pt\/dev\/sobre-nos\/jose-pedro\/","name":"Jos\u00e9 Pedro - Armandino Lopes Advogados","isPartOf":{"@id":"https:\/\/dev.armandinolopesadvogados.pt\/dev\/#website"},"primaryImageOfPage":{"@id":"https:\/\/dev.armandinolopesadvogados.pt\/dev\/sobre-nos\/jose-pedro\/#primaryimage"},"image":{"@id":"https:\/\/dev.armandinolopesadvogados.pt\/dev\/sobre-nos\/jose-pedro\/#primaryimage"},"thumbnailUrl":"https:\/\/dev.armandinolopesadvogados.pt\/dev\/wp-content\/uploads\/2026\/04\/jose_pedro_contabilista-1-683x1024.png","datePublished":"2026-04-13T19:54:45+00:00","dateModified":"2026-04-13T19:58:10+00:00","breadcrumb":{"@id":"https:\/\/dev.armandinolopesadvogados.pt\/dev\/sobre-nos\/jose-pedro\/#breadcrumb"},"inLanguage":"pt-PT","potentialAction":[{"@type":"ReadAction","target":["https:\/\/dev.armandinolopesadvogados.pt\/dev\/sobre-nos\/jose-pedro\/"]}]},{"@type":"ImageObject","inLanguage":"pt-PT","@id":"https:\/\/dev.armandinolopesadvogados.pt\/dev\/sobre-nos\/jose-pedro\/#primaryimage","url":"https:\/\/dev.armandinolopesadvogados.pt\/dev\/wp-content\/uploads\/2026\/04\/jose_pedro_contabilista-1.png","contentUrl":"https:\/\/dev.armandinolopesadvogados.pt\/dev\/wp-content\/uploads\/2026\/04\/jose_pedro_contabilista-1.png","width":1024,"height":1536},{"@type":"BreadcrumbList","@id":"https:\/\/dev.armandinolopesadvogados.pt\/dev\/sobre-nos\/jose-pedro\/#breadcrumb","itemListElement":[{"@type":"ListItem","position":1,"name":"In\u00edcio","item":"https:\/\/dev.armandinolopesadvogados.pt\/dev\/"},{"@type":"ListItem","position":2,"name":"Sobre N\u00f3s","item":"https:\/\/dev.armandinolopesadvogados.pt\/dev\/sobre-nos\/"},{"@type":"ListItem","position":3,"name":"Jos\u00e9 Pedro"}]},{"@type":"WebSite","@id":"https:\/\/dev.armandinolopesadvogados.pt\/dev\/#website","url":"https:\/\/dev.armandinolopesadvogados.pt\/dev\/","name":"Armandino Lopes Advogados","description":"Trinta ano a fazer Direito","publisher":{"@id":"https:\/\/dev.armandinolopesadvogados.pt\/dev\/#organization"},"potentialAction":[{"@type":"SearchAction","target":{"@type":"EntryPoint","urlTemplate":"https:\/\/dev.armandinolopesadvogados.pt\/dev\/?s={search_term_string}"},"query-input":{"@type":"PropertyValueSpecification","valueRequired":true,"valueName":"search_term_string"}}],"inLanguage":"pt-PT"},{"@type":"Organization","@id":"https:\/\/dev.armandinolopesadvogados.pt\/dev\/#organization","name":"Armandino Lopes Advogados","url":"https:\/\/dev.armandinolopesadvogados.pt\/dev\/","logo":{"@type":"ImageObject","inLanguage":"pt-PT","@id":"https:\/\/dev.armandinolopesadvogados.pt\/dev\/#\/schema\/logo\/image\/","url":"https:\/\/dev.armandinolopesadvogados.pt\/dev\/wp-content\/uploads\/2026\/03\/armandino-lopes-logotipo.png","contentUrl":"https:\/\/dev.armandinolopesadvogados.pt\/dev\/wp-content\/uploads\/2026\/03\/armandino-lopes-logotipo.png","width":1786,"height":475,"caption":"Armandino Lopes Advogados"},"image":{"@id":"https:\/\/dev.armandinolopesadvogados.pt\/dev\/#\/schema\/logo\/image\/"}}]}},"_links":{"self":[{"href":"https:\/\/dev.armandinolopesadvogados.pt\/dev\/wp-json\/wp\/v2\/pages\/2740","targetHints":{"allow":["GET"]}}],"collection":[{"href":"https:\/\/dev.armandinolopesadvogados.pt\/dev\/wp-json\/wp\/v2\/pages"}],"about":[{"href":"https:\/\/dev.armandinolopesadvogados.pt\/dev\/wp-json\/wp\/v2\/types\/page"}],"author":[{"embeddable":true,"href":"https:\/\/dev.armandinolopesadvogados.pt\/dev\/wp-json\/wp\/v2\/users\/1"}],"replies":[{"embeddable":true,"href":"https:\/\/dev.armandinolopesadvogados.pt\/dev\/wp-json\/wp\/v2\/comments?post=2740"}],"version-history":[{"count":7,"href":"https:\/\/dev.armandinolopesadvogados.pt\/dev\/wp-json\/wp\/v2\/pages\/2740\/revisions"}],"predecessor-version":[{"id":2749,"href":"https:\/\/dev.armandinolopesadvogados.pt\/dev\/wp-json\/wp\/v2\/pages\/2740\/revisions\/2749"}],"up":[{"embeddable":true,"href":"https:\/\/dev.armandinolopesadvogados.pt\/dev\/wp-json\/wp\/v2\/pages\/1259"}],"wp:attachment":[{"href":"https:\/\/dev.armandinolopesadvogados.pt\/dev\/wp-json\/wp\/v2\/media?parent=2740"}],"curies":[{"name":"wp","href":"https:\/\/api.w.org\/{rel}","templated":true}]}}